are the prime factors of 99867?
3, 33289
List the prime factors of 114974.
2, 57487
What are the prime factors of 69523?
37, 1879
List the prime factors of 4645568.
2, 29, 2503
List the prime factors of 4374833.
4374833
What are the prime factors of 643491?
3, 23833
What are the prime factors of 23084883?
3, 113, 22699
List the prime factors of 6013108.
2, 193, 7789
List the prime factors of 171435.
3, 5, 11, 1039
List the prime factors of 11242025.
5, 449681
What are the prime factors of 1463828?
2, 293, 1249
List the prime factors of 5601713.
13, 19, 22679
List the prime factors of 8812436.
2, 1439, 1531
List the prime factors of 377609.
29, 449
What are the prime factors of 30012534?
2, 3, 1667363
List the prime factors of 297674.
2, 13, 107
What are the prime factors of 952755?
3, 5, 19, 3343
What are the prime factors of 5271213?
3, 1757071
What are the prime factors of 11565900?
2, 3, 5, 71, 181
What are the prime factors of 48667?
41, 1187
What are the prime factors of 2163137?
2163137
List the prime factors of 12598187.
7, 1799741
What are the prime factors of 6146027?
17, 361531
What are the prime factors of 117796?
2, 7, 601
What are the prime factors of 38088?
2, 3, 23
What are the prime factors of 1112302?
2, 47, 11833
What are the prime factors of 1550321?
1550321
List the prime factors of 1515286.
2, 23, 32941
What are the prime factors of 5143726?
2, 7, 73, 719
List the prime factors of 1095055.
5, 13, 17, 991
What are the prime factors of 71779?
179, 401
What are the prime factors of 20962114?
2, 1297, 8081
List the prime factors of 3485029.
23, 151523
List the prime factors of 233823.
3, 41, 1901
List the prime factors of 6198764.
2, 11, 13, 10837
List the prime factors of 17150.
2, 5, 7
What are the prime factors of 9761715?
3, 5, 24103
List the prime factors of 27241.
27241
List the prime factors of 30407947.
30407947
List the prime factors of 51243.
3, 19, 29, 31
List the prime factors of 5638811.
5638811
What are the prime factors of 1238725?
5, 49549
What are the prime factors of 492099?
3, 17, 9649
List the prime factors of 157895.
5, 23, 1373
What are the prime factors of 1053920?
2, 5, 7, 941
List the prime factors of 58596.
2, 3, 19, 257
List the prime factors of 33044508.
2, 3, 7, 131129
What are the prime factors of 720304?
2, 13, 3463
List the prime factors of 1594340.
2, 5, 11, 7247
List the prime factors of 2227585.
5, 37, 12041
List the prime factors of 294352.
2, 18397
List the prime factors of 3001642.
2, 7, 109, 281
List the prime factors of 1193386.
2, 596693
List the prime factors of 367057.
23, 15959
List the prime factors of 38335477.
29, 137, 9649
List the prime factors of 427069.
427069
List the prime factors of 107575.
5, 13, 331
What are the prime factors of 11138657?
641, 17377
List the prime factors of 36410.
2, 5, 11, 331
What are the prime factors of 170087?
79, 2153
What are the prime factors of 24257?
127, 191
What are the prime factors of 303718?
2, 181, 839
List the prime factors of 158395.
5, 79, 401
List the prime factors of 2072919.
3, 19, 41, 887
What are the prime factors of 316043?
7, 13, 23, 151
What are the prime factors of 2179902?
2, 3, 363317
What are the prime factors of 314429?
41, 7669
List the prime factors of 34446340.
2, 5, 797, 2161
What are the prime factors of 1788928?
2, 1747
What are the prime factors of 12427053?
3, 103, 131, 307
What are the prime factors of 2601261?
3, 13, 7411
What are the prime factors of 6944680?
2, 5, 173617
List the prime factors of 250139.
31, 8069
List the prime factors of 593529.
3, 43, 107
List the prime factors of 1936063.
1936063
List the prime factors of 94375.
5, 151
What are the prime factors of 282761?
17, 16633
List the prime factors of 1027847.
23, 29, 67
List the prime factors of 569176.
2, 71147
List the prime factors of 1828703.
1828703
What are the prime factors of 482939?
41, 11779
What are the prime factors of 10998948?
2, 3, 19, 2539
List the prime factors of 21740.
2, 5, 1087
List the prime factors of 1889161.
151, 12511
List the prime factors of 56755.
5, 11351
What are the prime factors of 89055?
3, 5, 1979
List the prime factors of 5575663.
107, 487
What are the prime factors of 22045?
5, 4409
List the prime factors of 478882.
2, 239441
What are the prime factors of 673581?
3, 224527
What are the prime factors of 667178?
2, 333589
What are the prime factors of 33346041?
3, 11115347
What are the prime factors of 17705149?
7, 11, 229937
What are the prime factors of 20319811?
17, 83, 14401
List the prime factors of 19236573.
3, 2137397
What are the prime factors of 97210?
2, 5, 9721
What are the prime factors of 452145?
3, 5, 43, 701
What are the prime factors of 8352116?
2, 29, 89, 809
List the prime factors of 3433687.
29, 167, 709
What are the prime factors of 14784?
2, 3, 7, 11
List the prime factors of 6149696.
2, 7, 37, 53
What are the prime factors of 583522?
2, 139, 2099
List the prime factors of 64296.
2, 3, 19, 47
List the prime factors of 7606795.
5, 7, 217337
What are the prime factors of 351101?
17, 19, 1087
What are the prime factors of 33242?
2, 11, 1511
What are the prime factors of 1059927?
3, 11, 32119
What are the prime factors of 493011?
3, 54779
What are the prime factors of 89943?
3, 7, 4283
List the prime factors of 3054125.
5, 53, 461
List the prime factors of 830314.
2, 17, 24421
What are the prime factors of 70415?
5, 14083
What are the prime factors of 974389?
13, 17, 4409
List the prime factors of 17793197.
17793197
What are the prime factors of 37524?
2, 3, 53, 59
What are the prime factors of 17571964?
2, 2081, 2111
What are the prime factors of 8729269?
41, 212909
List the prime factors of 6470887.
19, 340573
List the prime factors of 1395431.
89, 15679
List the prime factors of 247292.
2, 211, 293
What are the prime factors of 8036409?
3, 31, 86413
What are the prime factors of 119287?
7, 17041
What are the prime factors of 9973570?
2, 5, 997357
What are the prime factors of 1185480?
2, 3, 5, 37, 89
What are the prime factors of 1226795?
5, 109, 2251
List the prime factors of 2438424.
2, 3, 53, 71
What are the prime factors of 8154328?
2, 7, 13, 23, 487
What are the prime factors of 93721?
17, 37, 149
What are the prime factors of 1790665?
5, 23, 677
List the prime factors of 5981701.
11, 543791
List the prime factors of 24051147.
3, 37, 43, 5039
List the prime factors of 14189873.
23, 616951
List the prime factors of 482121.
3, 53569
List the prime factors of 4886387.
11, 79, 5623
What are the prime factors of 28389421?
71, 399851
List the prime factors of 11364628.
2, 11, 181, 1427
What are the prime factors of 4389255?
3, 5, 13, 41, 61
List the prime factors of 340675.
5, 13627
What are the prime factors of 2842615?
5, 568523
What are the prime factors of 5483778?
2, 3, 61, 14983
List the prime factors of 513555.
3, 5, 7, 67, 73
List the prime factors of 2700991.
491, 5501
List the prime factors of 12889126.
2, 389, 16567
List the prime factors of 6504457.
6504457
List the prime factors of 6791563.
6791563
List the prime factors of 1077198.
2, 3, 179533
List the prime factors of 1080767.
1080767
List the prime factors of 1409379.
3, 469793
What are the prime factors of 342535?
5, 68507
What are the prime factors of 2770909?
1367, 2027
List the prime factors of 17065373.
13, 113, 11617
What are the prime factors of 2375488?
2, 37117
List the prime factors of 5055551.
5055551
What are the prime factors of 115114?
2, 57557
List the prime factors of 3916741.
43, 79, 1153
List the prime factors of 820343.
820343
List the prime factors of 173168.
2, 79, 137
List the prime factors of 793742.
2, 396871
What are the prime factors of 514990?
2, 5, 7, 1051
List the prime factors of 6588827.
7, 193, 4877
What are the prime factors of 205477?
205477
List the prime factors of 397979.
149, 2671
What are the prime factors of 106398?
2, 3, 23, 257
What are the prime factors of 5246021?
11, 476911
List the prime factors of 140013.
3, 47, 331
What are the prime factors of 15957192?
2, 3, 29, 101, 227
What are the prime factors of 907344?
2, 3, 6301
What are the prime factors of 807728?
2, 19, 2657
List the prime factors of 239095.
5, 47819
List the prime factors of 907468.
2, 29, 7823
What are the prime fa